{"id":57,"date":"2018-02-06T08:27:25","date_gmt":"2018-02-06T08:27:25","guid":{"rendered":"http:\/\/demo.sparklewpthemes.com\/kingcabspro\/?page_id=57"},"modified":"2022-12-08T13:11:52","modified_gmt":"2022-12-08T13:11:52","slug":"clients-satisfaits","status":"publish","type":"page","link":"https:\/\/transportprive.ch\/index.php\/clients-satisfaits\/","title":{"rendered":"Clients satisfaits"},"content":{"rendered":"\n<h2 class=\"wp-block-heading\"><strong>La satisfaction du client est tr\u00e8s importante.<\/strong><\/h2>\n\n\n<p>Ce sont des clients comme vous qui peuvent le mieux d\u00e9crire la qualit\u00e9 du service personnalis\u00e9 propos\u00e9 par Transport Priv\u00e9.<\/p>\n<p>Des clients satisfaits par un service d&rsquo;excellence, un chauffeur sympathique, ponctuel, professionnel&#8230;<\/p>\n<p>Un v\u00e9hicule de standing, propre, conduit par un chauffeur en possession d&rsquo;un permis de transport professionnel de personnes.<\/p>\n<p>Faites d\u00e9couvrir \u00e0 vos amis et proches l&rsquo;exp\u00e9rience et satisfaction du service propos\u00e9 par Transportprive.com !\u00a0<\/p>\n<div class=\"sparkle_call_to_action clearfix left\"><div class=\"sparkle_call_to_action_content\">Nous restons \u00e0 votre de disposition pour une demande de prix, des informations. R\u00e9servez par t\u00e9l\u00e9phone et fixez-nous la date et l&rsquo;heure de d\u00e9part.<\/div><a href=\"https:\/\/transportprive.ch\/index.php\/reservation\/\" class=\"sparkle_call_to_action_button\">R\u00e9servez<\/a><\/div>","protected":false},"excerpt":{"rendered":"<p>La satisfaction du client est tr\u00e8s importante. Ce sont des clients comme vous qui peuvent le mieux d\u00e9crire la qualit\u00e9 du service personnalis\u00e9 propos\u00e9 par Transport Priv\u00e9. Des clients satisfaits par un service d&rsquo;excellence, un chauffeur sympathique, ponctuel, professionnel&#8230; Un v\u00e9hicule de standing, propre, conduit par un chauffeur en possession d&rsquo;un permis de transport professionnel&#8230;<\/p>\n","protected":false},"author":2,"featured_media":105,"parent":0,"menu_order":0,"comment_status":"closed","ping_status":"closed","template":"","meta":{"footnotes":""},"class_list":["post-57","page","type-page","status-publish","has-post-thumbnail","hentry"],"yoast_head":"<!-- This site is optimized with the Yoast SEO plugin v28.3 - https:\/\/yoast.com\/product\/yoast-seo-wordpress\/ -->\n<title>Clients satisfaits -<\/title>\n<meta name=\"robots\" content=\"index, follow, max-snippet:-1, max-image-preview:large, max-video-preview:-1\" \/>\n<link rel=\"canonical\" href=\"https:\/\/transportprive.ch\/index.php\/clients-satisfaits\/\" \/>\n<meta property=\"og:locale\" content=\"fr_FR\" \/>\n<meta property=\"og:type\" content=\"article\" \/>\n<meta property=\"og:title\" content=\"Clients satisfaits -\" \/>\n<meta property=\"og:url\" content=\"https:\/\/transportprive.ch\/index.php\/clients-satisfaits\/\" \/>\n<meta property=\"article:modified_time\" content=\"2022-12-08T13:11:52+00:00\" \/>\n<meta property=\"og:image\" content=\"https:\/\/transportprive.ch\/wp-content\/uploads\/2018\/02\/pexels-photo-683381.jpeg\" \/>\n\t<meta property=\"og:image:width\" content=\"1280\" \/>\n\t<meta property=\"og:image:height\" content=\"853\" \/>\n\t<meta property=\"og:image:type\" content=\"image\/jpeg\" \/>\n<meta name=\"twitter:card\" content=\"summary_large_image\" \/>\n<meta name=\"twitter:label1\" content=\"Dur\u00e9e de lecture estim\u00e9e\" \/>\n\t<meta name=\"twitter:data1\" content=\"1 minute\" \/>\n<script type=\"application\/ld+json\" class=\"yoast-schema-graph\">{\"@context\":\"https:\\\/\\\/schema.org\",\"@graph\":[{\"@type\":\"WebPage\",\"@id\":\"https:\\\/\\\/transportprive.ch\\\/index.php\\\/clients-satisfaits\\\/\",\"url\":\"https:\\\/\\\/transportprive.ch\\\/index.php\\\/clients-satisfaits\\\/\",\"name\":\"Clients satisfaits -\",\"isPartOf\":{\"@id\":\"https:\\\/\\\/transportprive.ch\\\/#website\"},\"primaryImageOfPage\":{\"@id\":\"https:\\\/\\\/transportprive.ch\\\/index.php\\\/clients-satisfaits\\\/#primaryimage\"},\"image\":{\"@id\":\"https:\\\/\\\/transportprive.ch\\\/index.php\\\/clients-satisfaits\\\/#primaryimage\"},\"thumbnailUrl\":\"https:\\\/\\\/transportprive.ch\\\/wp-content\\\/uploads\\\/2018\\\/02\\\/pexels-photo-683381.jpeg\",\"datePublished\":\"2018-02-06T08:27:25+00:00\",\"dateModified\":\"2022-12-08T13:11:52+00:00\",\"breadcrumb\":{\"@id\":\"https:\\\/\\\/transportprive.ch\\\/index.php\\\/clients-satisfaits\\\/#breadcrumb\"},\"inLanguage\":\"fr-FR\",\"potentialAction\":[{\"@type\":\"ReadAction\",\"target\":[\"https:\\\/\\\/transportprive.ch\\\/index.php\\\/clients-satisfaits\\\/\"]}]},{\"@type\":\"ImageObject\",\"inLanguage\":\"fr-FR\",\"@id\":\"https:\\\/\\\/transportprive.ch\\\/index.php\\\/clients-satisfaits\\\/#primaryimage\",\"url\":\"https:\\\/\\\/transportprive.ch\\\/wp-content\\\/uploads\\\/2018\\\/02\\\/pexels-photo-683381.jpeg\",\"contentUrl\":\"https:\\\/\\\/transportprive.ch\\\/wp-content\\\/uploads\\\/2018\\\/02\\\/pexels-photo-683381.jpeg\",\"width\":1280,\"height\":853},{\"@type\":\"BreadcrumbList\",\"@id\":\"https:\\\/\\\/transportprive.ch\\\/index.php\\\/clients-satisfaits\\\/#breadcrumb\",\"itemListElement\":[{\"@type\":\"ListItem\",\"position\":1,\"name\":\"Accueil\",\"item\":\"https:\\\/\\\/transportprive.ch\\\/\"},{\"@type\":\"ListItem\",\"position\":2,\"name\":\"Clients satisfaits\"}]},{\"@type\":\"WebSite\",\"@id\":\"https:\\\/\\\/transportprive.ch\\\/#website\",\"url\":\"https:\\\/\\\/transportprive.ch\\\/\",\"name\":\"Transport priv\u00e9\",\"description\":\"Chauffeur priv\u00e9 \u00e0 votre service Lausanne et r\u00e9gion.\",\"publisher\":{\"@id\":\"https:\\\/\\\/transportprive.ch\\\/#organization\"},\"alternateName\":\"transportprive.ch\",\"potentialAction\":[{\"@type\":\"SearchAction\",\"target\":{\"@type\":\"EntryPoint\",\"urlTemplate\":\"https:\\\/\\\/transportprive.ch\\\/?s={search_term_string}\"},\"query-input\":{\"@type\":\"PropertyValueSpecification\",\"valueRequired\":true,\"valueName\":\"search_term_string\"}}],\"inLanguage\":\"fr-FR\"},{\"@type\":\"Organization\",\"@id\":\"https:\\\/\\\/transportprive.ch\\\/#organization\",\"name\":\"Chauffeur priv\u00e9 professionnel\",\"alternateName\":\"Transport priv\u00e9\",\"url\":\"https:\\\/\\\/transportprive.ch\\\/\",\"logo\":{\"@type\":\"ImageObject\",\"inLanguage\":\"fr-FR\",\"@id\":\"https:\\\/\\\/transportprive.ch\\\/#\\\/schema\\\/logo\\\/image\\\/\",\"url\":\"https:\\\/\\\/transportprive.ch\\\/wp-content\\\/uploads\\\/2023\\\/02\\\/cropped-logo-tp.png\",\"contentUrl\":\"https:\\\/\\\/transportprive.ch\\\/wp-content\\\/uploads\\\/2023\\\/02\\\/cropped-logo-tp.png\",\"width\":240,\"height\":90,\"caption\":\"Chauffeur priv\u00e9 professionnel\"},\"image\":{\"@id\":\"https:\\\/\\\/transportprive.ch\\\/#\\\/schema\\\/logo\\\/image\\\/\"}}]}<\/script>\n<!-- \/ Yoast SEO plugin. -->","yoast_head_json":{"title":"Clients satisfaits -","robots":{"index":"index","follow":"follow","max-snippet":"max-snippet:-1","max-image-preview":"max-image-preview:large","max-video-preview":"max-video-preview:-1"},"canonical":"https:\/\/transportprive.ch\/index.php\/clients-satisfaits\/","og_locale":"fr_FR","og_type":"article","og_title":"Clients satisfaits -","og_url":"https:\/\/transportprive.ch\/index.php\/clients-satisfaits\/","article_modified_time":"2022-12-08T13:11:52+00:00","og_image":[{"width":1280,"height":853,"url":"https:\/\/transportprive.ch\/wp-content\/uploads\/2018\/02\/pexels-photo-683381.jpeg","type":"image\/jpeg"}],"twitter_card":"summary_large_image","twitter_misc":{"Dur\u00e9e de lecture estim\u00e9e":"1 minute"},"schema":{"@context":"https:\/\/schema.org","@graph":[{"@type":"WebPage","@id":"https:\/\/transportprive.ch\/index.php\/clients-satisfaits\/","url":"https:\/\/transportprive.ch\/index.php\/clients-satisfaits\/","name":"Clients satisfaits -","isPartOf":{"@id":"https:\/\/transportprive.ch\/#website"},"primaryImageOfPage":{"@id":"https:\/\/transportprive.ch\/index.php\/clients-satisfaits\/#primaryimage"},"image":{"@id":"https:\/\/transportprive.ch\/index.php\/clients-satisfaits\/#primaryimage"},"thumbnailUrl":"https:\/\/transportprive.ch\/wp-content\/uploads\/2018\/02\/pexels-photo-683381.jpeg","datePublished":"2018-02-06T08:27:25+00:00","dateModified":"2022-12-08T13:11:52+00:00","breadcrumb":{"@id":"https:\/\/transportprive.ch\/index.php\/clients-satisfaits\/#breadcrumb"},"inLanguage":"fr-FR","potentialAction":[{"@type":"ReadAction","target":["https:\/\/transportprive.ch\/index.php\/clients-satisfaits\/"]}]},{"@type":"ImageObject","inLanguage":"fr-FR","@id":"https:\/\/transportprive.ch\/index.php\/clients-satisfaits\/#primaryimage","url":"https:\/\/transportprive.ch\/wp-content\/uploads\/2018\/02\/pexels-photo-683381.jpeg","contentUrl":"https:\/\/transportprive.ch\/wp-content\/uploads\/2018\/02\/pexels-photo-683381.jpeg","width":1280,"height":853},{"@type":"BreadcrumbList","@id":"https:\/\/transportprive.ch\/index.php\/clients-satisfaits\/#breadcrumb","itemListElement":[{"@type":"ListItem","position":1,"name":"Accueil","item":"https:\/\/transportprive.ch\/"},{"@type":"ListItem","position":2,"name":"Clients satisfaits"}]},{"@type":"WebSite","@id":"https:\/\/transportprive.ch\/#website","url":"https:\/\/transportprive.ch\/","name":"Transport priv\u00e9","description":"Chauffeur priv\u00e9 \u00e0 votre service Lausanne et r\u00e9gion.","publisher":{"@id":"https:\/\/transportprive.ch\/#organization"},"alternateName":"transportprive.ch","potentialAction":[{"@type":"SearchAction","target":{"@type":"EntryPoint","urlTemplate":"https:\/\/transportprive.ch\/?s={search_term_string}"},"query-input":{"@type":"PropertyValueSpecification","valueRequired":true,"valueName":"search_term_string"}}],"inLanguage":"fr-FR"},{"@type":"Organization","@id":"https:\/\/transportprive.ch\/#organization","name":"Chauffeur priv\u00e9 professionnel","alternateName":"Transport priv\u00e9","url":"https:\/\/transportprive.ch\/","logo":{"@type":"ImageObject","inLanguage":"fr-FR","@id":"https:\/\/transportprive.ch\/#\/schema\/logo\/image\/","url":"https:\/\/transportprive.ch\/wp-content\/uploads\/2023\/02\/cropped-logo-tp.png","contentUrl":"https:\/\/transportprive.ch\/wp-content\/uploads\/2023\/02\/cropped-logo-tp.png","width":240,"height":90,"caption":"Chauffeur priv\u00e9 professionnel"},"image":{"@id":"https:\/\/transportprive.ch\/#\/schema\/logo\/image\/"}}]}},"_links":{"self":[{"href":"https:\/\/transportprive.ch\/index.php\/wp-json\/wp\/v2\/pages\/57","targetHints":{"allow":["GET"]}}],"collection":[{"href":"https:\/\/transportprive.ch\/index.php\/wp-json\/wp\/v2\/pages"}],"about":[{"href":"https:\/\/transportprive.ch\/index.php\/wp-json\/wp\/v2\/types\/page"}],"author":[{"embeddable":true,"href":"https:\/\/transportprive.ch\/index.php\/wp-json\/wp\/v2\/users\/2"}],"replies":[{"embeddable":true,"href":"https:\/\/transportprive.ch\/index.php\/wp-json\/wp\/v2\/comments?post=57"}],"version-history":[{"count":4,"href":"https:\/\/transportprive.ch\/index.php\/wp-json\/wp\/v2\/pages\/57\/revisions"}],"predecessor-version":[{"id":2655,"href":"https:\/\/transportprive.ch\/index.php\/wp-json\/wp\/v2\/pages\/57\/revisions\/2655"}],"wp:featuredmedia":[{"embeddable":true,"href":"https:\/\/transportprive.ch\/index.php\/wp-json\/wp\/v2\/media\/105"}],"wp:attachment":[{"href":"https:\/\/transportprive.ch\/index.php\/wp-json\/wp\/v2\/media?parent=57"}],"curies":[{"name":"wp","href":"https:\/\/api.w.org\/{rel}","templated":true}]}}

<h2 class="wp-block-heading"><strong>La satisfaction du client est très importante.</strong></h2>


<p>Ce sont des clients comme vous qui peuvent le mieux décrire la qualité du service personnalisé proposé par Transport Privé.</p>
<p>Des clients satisfaits par un service d&rsquo;excellence, un chauffeur sympathique, ponctuel, professionnel&#8230;</p>
<p>Un véhicule de standing, propre, conduit par un chauffeur en possession d&rsquo;un permis de transport professionnel de personnes.</p>
<p>Faites découvrir à vos amis et proches l&rsquo;expérience et satisfaction du service proposé par Transportprive.com ! </p>
<div class="sparkle_call_to_action clearfix left"><div class="sparkle_call_to_action_content">Nous restons à votre de disposition pour une demande de prix, des informations. Réservez par téléphone et fixez-nous la date et l&rsquo;heure de départ.</div><a href="https://transportprive.ch/index.php/reservation/" class="sparkle_call_to_action_button">Réservez</a></div>

<p>La satisfaction du client est très importante. Ce sont des clients comme vous qui peuvent le mieux décrire la qualité du service personnalisé proposé par Transport Privé. Des clients satisfaits par un service d&rsquo;excellence, un chauffeur sympathique, ponctuel, professionnel&#8230; Un véhicule de standing, propre, conduit par un chauffeur en possession d&rsquo;un permis de transport professionnel&#8230;</p>

<!-- This site is optimized with the Yoast SEO plugin v28.3 - https://yoast.com/product/yoast-seo-wordpress/ -->
<title>Clients satisfaits -</title>
<meta name="robots" content="index, follow, max-snippet:-1, max-image-preview:large, max-video-preview:-1" />
<link rel="canonical" href="https://transportprive.ch/index.php/clients-satisfaits/" />
<meta property="og:locale" content="fr_FR" />
<meta property="og:type" content="article" />
<meta property="og:title" content="Clients satisfaits -" />
<meta property="og:url" content="https://transportprive.ch/index.php/clients-satisfaits/" />
<meta property="article:modified_time" content="2022-12-08T13:11:52+00:00" />
<meta property="og:image" content="https://transportprive.ch/wp-content/uploads/2018/02/pexels-photo-683381.jpeg" />
	<meta property="og:image:width" content="1280" />
	<meta property="og:image:height" content="853" />
	<meta property="og:image:type" content="image/jpeg" />
<meta name="twitter:card" content="summary_large_image" />
<meta name="twitter:label1" content="Durée de lecture estimée" />
	<meta name="twitter:data1" content="1 minute" />
<script type="application/ld+json" class="yoast-schema-graph">{"@context":"https:\/\/schema.org","@graph":[{"@type":"WebPage","@id":"https:\/\/transportprive.ch\/index.php\/clients-satisfaits\/","url":"https:\/\/transportprive.ch\/index.php\/clients-satisfaits\/","name":"Clients satisfaits -","isPartOf":{"@id":"https:\/\/transportprive.ch\/#website"},"primaryImageOfPage":{"@id":"https:\/\/transportprive.ch\/index.php\/clients-satisfaits\/#primaryimage"},"image":{"@id":"https:\/\/transportprive.ch\/index.php\/clients-satisfaits\/#primaryimage"},"thumbnailUrl":"https:\/\/transportprive.ch\/wp-content\/uploads\/2018\/02\/pexels-photo-683381.jpeg","datePublished":"2018-02-06T08:27:25+00:00","dateModified":"2022-12-08T13:11:52+00:00","breadcrumb":{"@id":"https:\/\/transportprive.ch\/index.php\/clients-satisfaits\/#breadcrumb"},"inLanguage":"fr-FR","potentialAction":[{"@type":"ReadAction","target":["https:\/\/transportprive.ch\/index.php\/clients-satisfaits\/"]}]},{"@type":"ImageObject","inLanguage":"fr-FR","@id":"https:\/\/transportprive.ch\/index.php\/clients-satisfaits\/#primaryimage","url":"https:\/\/transportprive.ch\/wp-content\/uploads\/2018\/02\/pexels-photo-683381.jpeg","contentUrl":"https:\/\/transportprive.ch\/wp-content\/uploads\/2018\/02\/pexels-photo-683381.jpeg","width":1280,"height":853},{"@type":"BreadcrumbList","@id":"https:\/\/transportprive.ch\/index.php\/clients-satisfaits\/#breadcrumb","itemListElement":[{"@type":"ListItem","position":1,"name":"Accueil","item":"https:\/\/transportprive.ch\/"},{"@type":"ListItem","position":2,"name":"Clients satisfaits"}]},{"@type":"WebSite","@id":"https:\/\/transportprive.ch\/#website","url":"https:\/\/transportprive.ch\/","name":"Transport privé","description":"Chauffeur privé à votre service Lausanne et région.","publisher":{"@id":"https:\/\/transportprive.ch\/#organization"},"alternateName":"transportprive.ch","potentialAction":[{"@type":"SearchAction","target":{"@type":"EntryPoint","urlTemplate":"https:\/\/transportprive.ch\/?s={search_term_string}"},"query-input":{"@type":"PropertyValueSpecification","valueRequired":true,"valueName":"search_term_string"}}],"inLanguage":"fr-FR"},{"@type":"Organization","@id":"https:\/\/transportprive.ch\/#organization","name":"Chauffeur privé professionnel","alternateName":"Transport privé","url":"https:\/\/transportprive.ch\/","logo":{"@type":"ImageObject","inLanguage":"fr-FR","@id":"https:\/\/transportprive.ch\/#\/schema\/logo\/image\/","url":"https:\/\/transportprive.ch\/wp-content\/uploads\/2023\/02\/cropped-logo-tp.png","contentUrl":"https:\/\/transportprive.ch\/wp-content\/uploads\/2023\/02\/cropped-logo-tp.png","width":240,"height":90,"caption":"Chauffeur privé professionnel"},"image":{"@id":"https:\/\/transportprive.ch\/#\/schema\/logo\/image\/"}}]}</script>
<!-- / Yoast SEO plugin. -->

Transport privé

Chauffeur privé à votre service Lausanne et région.

Chauffeur privé professionnel
